1 (base 5) in base 12?
-6
Convert 10 (base 8) to base 14.
8
What is 0 (base 9) in base 10?
0
What is -29 (base 15) in base 16?
-27
Convert -1101011 (base 2) to base 3.
-10222
Convert 4 (base 16) to base 8.
4
What is 2 (base 13) in base 14?
2
Convert -108 (base 11) to base 15.
-89
What is 0 (base 6) in base 3?
0
What is -303 (base 5) in base 2?
-1001110
What is -3 (base 9) in base 12?
-3
What is -550 (base 6) in base 4?
-3102
What is 1 (base 13) in base 3?
1
Convert 0 (base 9) to base 3.
0
What is 5 (base 11) in base 13?
5
-21 (base 3) to base 12
-7
-105 (base 7) to base 9
-60
What is 4 (base 12) in base 6?
4
What is 3 (base 9) in base 6?
3
2 (base 3) to base 11
2
What is 4e (base 15) in base 11?
68
Convert -123 (base 11) to base 14.
-a6
Convert 15 (base 11) to base 13.
13
124 (base 6) to base 2
110100
12b (base 13) to base 10
206
Convert -10 (base 14) to base 15.
-e
What is 10 (base 8) in base 2?
1000
Convert -206 (base 7) to base 13.
-80
Convert 302 (base 4) to base 8.
62
Convert 0 (base 10) to base 12.
0
What is 1011001 (base 2) in base 11?
81
Convert -21 (base 4) to base 13.
-9
2c (base 15) to base 6
110
What is 10 (base 4) in base 3?
11
-3 (base 5) to base 15
-3
What is -6 (base 11) in base 10?
-6
41 (base 6) to base 14
1b
Convert -15 (base 9) to base 7.
-20
Convert -45 (base 13) to base 4.
-321
Convert 52 (base 10) to base 11.
48
1 (base 16) to base 14
1
Convert -100 (base 2) to base 11.
-4
-101 (base 9) to base 4
-1102
-30 (base 9) to base 13
-21
4 (base 9) to base 11
4
What is 28 (base 9) in base 8?
32
5 (base 10) to base 11
5
What is 36 (base 13) in base 4?
231
13 (base 8) to base 15
b
Convert -2333 (base 4) to base 3.
-21002
Convert 27 (base 16) to base 6.
103
Convert 16 (base 7) to base 8.
15
Convert -15 (base 12) to base 16.
-11
7 (base 14) to base 15
7
What is 0 (base 8) in base 16?
0
What is -536 (base 7) in base 6?
-1132
243 (base 8) to base 11
139
-1 (base 11) to base 13
-1
What is 3 (base 5) in base 2?
11
What is -134 (base 8) in base 14?
-68
What is -28 (base 12) in base 8?
-40
Convert -5 (base 8) to base 9.
-5
What is 54 (base 11) in base 3?
2012
2 (base 13) to base 12
2
-172 (base 12) to base 6
-1022
What is -4 (base 6) in base 15?
-4
What is -55 (base 7) in base 9?
-44
0 (base 16) to base 11
0
Convert -5b (base 15) to base 2.
-1010110
35 (base 10) to base 2
100011
What is 134 (base 10) in base 15?
8e
12 (base 9) to base 5
21
Convert 13 (base 10) to base 6.
21
Convert -b (base 12) to base 2.
-1011
-1101 (base 2) to base 7
-16
What is -1044 (base 7) in base 6?
-1423
Convert -24 (base 7) to base 4.
-102
Convert 6 (base 12) to base 3.
20
What is 1000101 (base 2) in base 8?
105
12 (base 12) to base 7
20
What is 1 (base 10) in base 2?
1
Convert 16 (base 14) to base 9.
22
What is e7 (base 15) in base 14?
117
Convert -141 (base 7) to base 12.
-66
What is 11 (base 10) in base 6?
15
What is 0 (base 11) in base 14?
0
What is 3 (base 10) in base 7?
3
Convert dd (base 15) to base 7.
415
-73 (base 13) to base 3
-10111
Convert -2 (base 9) to base 13.
-2
537 (base 8) to base 3
111000
Convert -25 (base 10) to base 14.
-1b
What is -9 (base 16) in base 15?
-9
What is 1220 (base 4) in base 11?
95
What is d2 (base 15) in base 9?
238
What is 10 (base 6) in base 4?
12
What is 2b (base 13) in base 2?
100101
What is 60 (base 8) in base 3?
1210
-21 (base 4) to base 10
-9
250 (base 6) to base 13
7b
4 (base 11) to base 13
4
-1100 (base 2) to base 12
-10
Convert -21 (base 5) to base 9.
-12
What is 101110 (base 2) in base 14?
34
-11 (base 10) to base 3
-102
What is 3 (base 14) in base 10?
3
-3 (base 13) to base 7
-3
Convert 4 (base 6) to base 16.
4
Convert -35 (base 12) to base 8.
-51
What is 123 (base 6) in base 11?
47
What is -99 (base 14) in base 16?
-87
-3 (base 12) to base 7
-3
Convert -5a (base 15) to base 5.
-320
Convert 10 (base 5) to base 12.
5
152 (base 8) to base 7
211
153 (base 7) to base 15
5c
What is 1001 (base 2) in base 14?
9
16 (base 11) to base 6
25
Convert 186 (base 16) to base 14.
1dc
Convert 77 (base 11) to base 15.
59
-3 (base 16) to base 10
-3
What is 2 (base 14) in base 7?
2
What is 0 (base 3) in base 9?
0
What is 36 (base 13) in base 7?
63
What is -200 (base 5) in base 13?
-3b
Convert -351 (base 6) to base 11.
-117
Convert 63 (base 10) to base 14.
47
Convert 3 (base 16) to base 4.
3
Convert -101110 (base 2) to base 15.
-31
21 (base 12) to base 10
25
-28 (base 10) to base 7
-40
-1 (base 6) to base 12
-1
Convert 4 (base 7) to base 16.
4
What is -34 (base 14) in base 2?
-101110
Convert 49 (base 12) to base 6.
133
What is -2002 (base 3) in base 14?
-40
57 (base 8) to base 11
43
-424 (base 5) to base 10
-114
-14 (base 16) to base 12
-18
Convert 134 (base 5) to base 3.
1122
Convert 73 (base 14) to base 12.
85
What is -3 (base 5) in base 8?
-3
What is 8 (base 9) in base 11?
8
What is 1122 (base 3) in base 15?
2e
What is 1100 (base 2) in base 10?
12
-bb (base 13) to base 8
-232
What is 146 (base 8) in base 14?
74
0 (base 10) to base 5
0
5 (base 9) to base 6
5
4 (base 12) to base 3
11
What is 112 (base 3) in base 6?
22
-10 (base 3) to base 11
-3
What is -1 (base 3) in base 11?
-1
Convert -2b (base 15) to base 14.
-2d
Convert 4b (base 16) to base 13.
5a
-b (base 14) to base 7
-14
What is 1 (base 5) in base 4?
1
Convert 14 (base 9) to base 7.
16
What is -a (base 15) in base 11?
-a
What is 12 (base 6) in base 14?
8
3 (base 10) to base 2
11
Convert 30 (base 6) to base 5.
33
323 (base 8) to base 2
11010011
Convert 436 (base 9) to base 14.
1b7
What is -26 (base 12) in base 5?
-110
Convert 0 (base 8) to base 12.
0
Convert -111011 (base 2) to base 4.
-323
What is 16 (base 16) in base 12?
1a
What is 16 (base 10) in base 4?
100
What is -86 (base 9) in base 15?
-53
Convert -2 (base 8) to base 3.
-2
84 (base 10) to base 5
314
Convert 4 (base 9) to base 11.
4
Convert -83 (base 10) to base 9.
-102
What is 0 (base 6) in base 3?
0
Convert -81 (base 11) to base 7.
-155
Convert 9 (base 11) to base 10.
9
Convert a (base 15) to base 4.
22
Convert 1100 (base 3) to base 2.
100100
23 (base 9) to base 6
33
Convert -22 (base 5) to base 14.
-c
What is -110010 (base 2) in base 10?
-50
10110 (base 2) to base 8
26
What is 10 (base 3) in base 12?
3
What is 113 (base 4) in base 10?
23
What is -9 (base 13) in base 8?
-11
What is -115 (base 8) in base 12?
-65
What is 0 (base 11) in base 4?
0
What is 2 (base 13) in base 7?
2
Convert 1 (base 16) to base 5.
1
What is -10011 (base 2) in base 7?
-25
-212 (base 4) to base 9
-42
Convert 100001 (base 2) to base 14.
25
120 (base 8) to base 4
1100
What is -1101011 (base 2) in base 11?
-98
-18 (base 13) to base 8
-25
What is 110 (base 2) in base 7?
6
Convert 3 (base 8) to base 4.
3
Convert -163 (base 10) to base 3.
-20001
What is -13 (base 13) in base 16?
-10
Convert -4 (base 12) to base 2.
-100
What is 44 (base 15) in base 7?
121
Convert 7 (base 11) to base 3.
21
What is -2 (base 13) in base 3?
-2
1111111 (base 2) to base 7
241
Convert -101 (base 2) to base 5.
-10
What is -1 (base 4) in base 9?
-1
Convert 2 (base 16) to base 2.
10
What is -1 (base 5) in base 11?
-1
What is -11 (base 6) in base 16?
-7
What is -2 (base 13) in base 15?
-2
What is -2 (base 10) in base 2?
-10
2212 (base 3) to base 13
5c
432 (base 5) to base 3
11100
33 (base 12) to base 8
47
323 (base 4) to base 12
4b
What is 12 (base 14) in base 7?
22
What is -16 (base 13) in base 9?
-21
What is -1000100 (base 2) in base 5?
-233
What is -1 (base 11) in base 4?
-1
-22 (base 3) to base 4
-20
220 (base 3) to base 2
11000
2132 (base 4) to base 10
158
Convert -10 (base 2) to base 15.
-2
187 (base 9) to base 13
c4
5 (base 13) to base 2
101
Convert 100100 (base 2) to base 16.
24
What is -126 (base 8) in base 7?
-152
What is 1 (base 11) in base 13?
1
What is 102 (base 5) in base 10?
27
-1 (base 9) to base 4
-1
What is 6 (base 7) in base 4?
12
Convert 41 (base 6) to base 12.
21
Convert 55 (base 9) to base 12.
42
-32 (base 16) to base 6
-122
11 (base 4) to base 10
5
What is -25 (base 7) in base 6?
-31
What is -4c (base 14) in base 2?
-1000100
What is -1010100 (base 2) in base 14?
-60
What is 2132 (base 4) in base 12?
112
What is 100100 (base 2) in base 16?
24
Convert 11010 (base 2) to base 13.
20
1 (base 13) to base 7
1
What is -101 (base 8) in base 10?
-65
-24 (base 15) t